5?
29
Calculate the remainder when 13496865 is divided by 35518.
25
What is the remainder when 18258258 is divided by 623?
620
What is the remainder when 1587164 is divided by 148?
12
What is the remainder when 9253633 is divided by 21928?
17
What is the remainder when 262057 is divided by 17395?
1132
What is the remainder when 7521691 is divided by 578591?
8
What is the remainder when 748572103 is divided by 114?
109
What is the remainder when 2929443 is divided by 61029?
51
What is the remainder when 11391765 is divided by 51?
48
Calculate the remainder when 153254698 is divided by 1028555.
3
What is the remainder when 9650940 is divided by 724?
20
What is the remainder when 2608704 is divided by 2608688?
16
Calculate the remainder when 6422858 is divided by 6048.
5930
Calculate the remainder when 1500395 is divided by 100.
95
Calculate the remainder when 408011 is divided by 281.
280
What is the remainder when 1105949 is divided by 552740?
469
What is the remainder when 9374274 is divided by 28321?
23
What is the remainder when 89306247 is divided by 330?
327
What is the remainder when 1271856 is divided by 25190?
12356
What is the remainder when 51392193 is divided by 25696085?
23
What is the remainder when 69853184 is divided by 115?
114
Calculate the remainder when 233040 is divided by 3538.
3070
What is the remainder when 20997823 is divided by 395?
18
Calculate the remainder when 20585494 is divided by 12.
10
Calculate the remainder when 554870 is divided by 3967.
3457
Calculate the remainder when 182624358 is divided by 52.
46
What is the remainder when 44046814 is divided by 96?
94
What is the remainder when 1641895 is divided by 16754?
3
What is the remainder when 30829365 is divided by 17?
1
What is the remainder when 6095372 is divided by 1224?
1076
Calculate the remainder when 1180746 is divided by 1757.
42
Calculate the remainder when 3315 is divided by 1669.
1646
Calculate the remainder when 112405 is divided by 2807.
125
Calculate the remainder when 1048260 is divided by 16.
4
What is the remainder when 74738 is divided by 6744?
554
What is the remainder when 365253 is divided by 2555?
2443
What is the remainder when 1039174 is divided by 346366?
76
What is the remainder when 32271 is divided by 427?
246
Calculate the remainder when 6211495 is divided by 202.
197
Calculate the remainder when 69518 is divided by 3327.
2978
What is the remainder when 4205685 is divided by 8583?
15
Calculate the remainder when 18096453 is divided by 19930.
13
What is the remainder when 22692 is divided by 9091?
4510
Calculate the remainder when 2985585 is divided by 2151.
2148
Calculate the remainder when 842006 is divided by 3303.
3044
Calculate the remainder when 3961 is divided by 1954.
53
What is the remainder when 4838787 is divided by 3871?
37
Calculate the remainder when 22892 is divided by 485.
97
Calculate the remainder when 10971223 is divided by 8.
7
Calculate the remainder when 37766867 is divided by 12588954.
5
Calculate the remainder when 82246 is divided by 10277.
30
Calculate the remainder when 24009174 is divided by 80.
54
Calculate the remainder when 5572231 is divided by 813.
742
What is the remainder when 551979 is divided by 110?
109
What is the remainder when 27224829 is divided by 213?
21
Calculate the remainder when 132250306 is divided by 8146.
8142
Calculate the remainder when 2542854 is divided by 1281.
69
What is the remainder when 12875427 is divided by 439?
435
What is the remainder when 55536 is divided by 145?
1
What is the remainder when 2955531 is divided by 22222?
5
What is the remainder when 441135508 is divided by 955?
953
What is the remainder when 621548461 is divided by 755?
751
Calculate the remainder when 30898889 is divided by 4414127.
0
Calculate the remainder when 3037603 is divided by 24.
19
Calculate the remainder when 1301443 is divided by 560.
3
Calculate the remainder when 30565 is divided by 29777.
788
What is the remainder when 344014 is divided by 2096?
270
What is the remainder when 196906 is divided by 12305?
26
What is the remainder when 3967868 is divided by 1322582?
122
What is the remainder when 88111345 is divided by 494?
23
What is the remainder when 193067 is divided by 6639?
536
Calculate the remainder when 135760 is divided by 340.
100
Calculate the remainder when 12026 is divided by 5770.
486
Calculate the remainder when 1626749 is divided by 205.
74
Calculate the remainder when 69011 is divided by 1347.
314
What is the remainder when 16045 is divided by 137?
16
What is the remainder when 153267 is divided by 3053?
617
Calculate the remainder when 648492895 is divided by 2839.
2837
What is the remainder when 10630197 is divided by 525?
522
What is the remainder when 68428 is divided by 5702?
4
Calculate the remainder when 36732012 is divided by 18365997.
18
Calculate the remainder when 9572337 is divided by 87.
75
Calculate the remainder when 23063338 is divided by 10417.
100
What is the remainder when 5184238 is divided by 246868?
10
What is the remainder when 2056 is divided by 1153?
903
Calculate the remainder when 11475179 is divided by 58.
53
Calculate the remainder when 17268221 is divided by 184.
5
What is the remainder when 43216 is divided by 41319?
1897
What is the remainder when 34466857 is divided by 4?
1
What is the remainder when 59716603 is divided by 765597?
37
What is the remainder when 11914711 is divided by 8?
7
Calculate the remainder when 1241084 is divided by 128.
124
What is the remainder when 912948 is divided by 783?
753
What is the remainder when 11714746 is divided by 129?
127
Calculate the remainder when 30273219 is divided by 39.
15
Calculate the remainder when 1332882 is divided by 1587.
1389
Calculate the remainder when 6409947 is divided by 2835.
12
What is the remainder when 765312 is divided by 12?
0
What is the remainder when 6367213 is divided by 66?
61
What is the remainder when 337795143 is divided by 117?
114
What is the remainder when 261614 is divided by 261468?
146
What is the remainder when 1637928 is divided by 114?
90
What is the remainder when 37350779 is divided by 18675371?
37
What is the remainder when 28290716 is divided by 2107?
27
What is the remainder when 16180797 is divided by 757?
679
What is the remainder when 14577888 is divided by 548?
540
What is the remainder when 269010 is divided by 134493?
24
Calculate the remainder when 1345299 is divided by 94.
65
Calculate the remainder when 24089 is divided by 6265.
5294
Calculate the remainder when 20976844 is divided by 1335.
1324
Calculate the remainder when 621722 is divided by 155356.
298
What is the remainder when 343810 is divided by 6251?
5
What is the remainder when 92240 is divided by 8373?
137
What is the remainder when 2963985 is divided by 1686?
1683
What is the remainder when 1147102 is divided by 24?
22
Calculate the remainder when 22269039 is divided by 45447.
9
Calculate the remainder when 180482 is divided by 45119.
6
Calculate the remainder when 13097326 is divided by 348.
346
Calculate the remainder when 205936 is divided by 4739.
2159
Calculate the remainder when 418449 is divided by 59625.
1074
Calculate the remainder when 50649 is divided by 2025.
24
What is the remainder when 437122 is divided by 437121?
1
Calculate the remainder when 16458 is divided by 71.
57
Calculate the remainder when 334932478 is divided by 751.
747
What is the remainder when 955263 is divided by 2424?
207
Calculate the remainder when 258462 is divided by 3402.
3312
What is the remainder when 333349 is divided by 1246?
667
Calculate the remainder when 14451501 is divided by 5712.
141
What is the remainder when 1204964 is divided by 172134?
26
What is the remainder when 1201431 is divided by 980?
931
What is the remainder when 921807935 is divided by 7014?
7013
What is the remainder when 1110375 is divided by 316?
267
Calculate the remainder when 11256 is divided by 11148.
108
Calculate the remainder when 16822707 is divided by 62.
61
What is the remainder when 10667326 is divided by 7937?
7935
Calculate the remainder when 859825 is divided by 429897.
31
Calculate the remainder when 30465 is divided by 30263.
202
Calculate the remainder when 196326 is divided by 3701.
173
Calculate 